-27*l**2/2 + 6*l + 22. Let u(o) = -o**3 - 8*o**2 - 4*o + 17. Let a be u(-7). What is the tens digit of m(a)?
1
Let w = 18 - 4. Let o be ((-72)/w)/(1/(-224) - 0). Suppose -o = y - 10*y. What is the tens digit of y?
2
Let h(p) = -8*p**2 + 79*p + 22. Let v be h(10). Suppose 0 = -6*f + v*f - 4662. What is the hundreds digit of f?
7
Let c(m) = -2*m**2 - 11 - 11*m - 8*m**2 + 12*m**2. What is the tens digit of c(-5)?
9
Let p(x) = 12*x - 36. Let k be p(9). Suppose 73*o - k*o = 55. What is the units digit of o?
5
Suppose 26*g = -16*g + 101640. What is the units digit of g?
0
Let j(b) = -b**3 - 3*b**2 + 7. Let t be j(-3). Suppose 11*y = -t*y + 5220. What is the units digit of y?
0
Suppose 107 = n + 15. What is the units digit of 12/(-2)*(-2 - n/8)?
1
Let o = 2400 + 8820. What is the ten thousands digit of o?
1
Suppose -4*k = 2*w + 44, 9 - 67 = 2*w - 3*k. Let f(r) = -6*r - 20. Let l(i) = i + 1. Let q(a) = 4*f(a) + 12*l(a). What is the tens digit of q(w)?
4
Let g = 43066 + -13399. What is the ten thousands digit of g?
2
Let a = -5634 - -22760. What is the ten thousands digit of a?
1
Let t(y) be the first derivative of -1/2*y**2 + 7 - y + 86/3*y**3. What is the tens digit of t(-1)?
8
Let f(c) = 2*c**2 - 8*c + 6. Let s = -3 - 9. Let p = -5 - s. What is the units digit of f(p)?
8
Let c(v) be the third derivative of -v**5/60 - 49*v**4/24 + 14*v**3/3 - 25*v**2 + 5. What is the units digit of c(-22)?
2
What is the units digit of (-2527)/(-38)*11*10?
5
Let k(f) = -f - 18. Let b(c) = c. Let o(m) = -2*b(m) - k(m). Let p be o(13). Suppose 7*w = p*w + 186. What is the tens digit of w?
9
Let m(s) = -s. Let q be m(-5). What is the tens digit of (-5 + -330)*(-8)/q?
3
Suppose 2 = m - 3*m. Let c(g) = g**3 - 1. Let h be c(m). What is the units digit of (-1)/h*(158 + -16)?
1
Let v be 0/(2/(10/(-15))) + 13. Suppose a = -v*a + 3360. What is the hundreds digit of a?
2
Let q(y) be the first derivative of y**4/4 + 7*y**3/3 - 8*y**2 - 2*y - 24. Let f be q(-9). What is the units digit of 4/10 + ((-492)/f - -4)?
9
Let f(k) = -k**3 + 19*k**2 + 13*k + 5. Let n(g) = g**2 + 2*g. Let t(q) = f(q) - 2*n(q). What is the units digit of t(17)?
8
Suppose 4*t + 166960 = 44*t. What is the tens digit of t?
7
Suppose 9*q = 23917 - 4963. What is the tens digit of q?
0
Let m(j) = 5487*j - 8397. What is the hundreds digit of m(9)?
9
Suppose 0 = 16*t - 2644 - 47275 + 4095. What is the tens digit of t?
6
Let b = -70 + 79. Let d(r) = -r + 92 + b*r + 118. What is the hundreds digit of d(0)?
2
Let x = -174 - -179. Suppose -h - 3*q = -405, 0*h + x*h = 5*q + 2065. What is the hundreds digit of h?
4
Let i be 1/(-3)*(-18)/((-6)/2). Let h(n) = -2 - 3*n + 13*n**2 + 0*n + 1. What is the units digit of h(i)?
7
Suppose 27*q + 56 = -133. What is the units digit of (-28)/(-11 - q) - -324?
1
Let q = 16175 - 8906. What is the units digit of q?
9
Suppose -4*r + 82 + 101 = -5*b, -3*r + 147 = -4*b. Let k = -25 - b. Let q = k + 29. What is the units digit of q?
3
Let f(l) = l**3 + 8*l**2 - 9*l + 2. Let w be f(-9). Suppose -4*m - w*m + 90 = 0. What is the tens digit of 42*2 + m/5?
8
Let y(q) = -5*q - 56. Let g be y(-12). What is the hundreds digit of -4*(-2 - -3) - g*-37?
1
Suppose 3*v - 8 = -2*h + 3*h, -10 = 5*h. Suppose 0 = -2*a + v*r, -5*r - 4 - 32 = 4*a. What is the units digit of 255 - (a - -3) - (-8)/(-2)?
2
Let x(a) = 600*a**2 - 5*a - 3. Let k(j) = 1202*j**2 - 12*j - 7. Let f(c) = -3*k(c) + 7*x(c). What is the tens digit of f(1)?
9
Let p be 2*-1*48/12. What is the units digit of 4/40*p + 16145/25?
5
Suppose -96136 = -2*t + 4*r, -82*t - 5*r = -86*t + 192254. What is the hundreds digit of t?
0
Let r be 1/((-3)/81*-3). Let c be (-3)/(-2*r/24). Suppose -4*n = 8, -c*m - 4*n = -88 + 32. What is the units digit of m?
6
Let s = -18 - -62. Suppose -10*q - s = 1556. Let y = q + 352. What is the hundreds digit of y?
1
Let o = 31 - 28. Suppose n + 4*k = -19 - 0, o*n + 4*k = -89. Let g = n - -177. What is the hundreds digit of g?
1
Suppose 33*n - 37*n - 3*t = -119689, -n + 29951 = -5*t. What is the tens digit of n?
2
Let f be 10 - 1 - (7 - 18/3). Suppose 0 = f*s - 10*s. Suppose 3*x = 3*b - 2*x - 91, s = 4*b + 5*x - 98. What is the units digit of b?
7
Let c(w) = -18135*w - 3971. What is the units digit of c(-3)?
4
Let r be (3 - 33)*((-3)/9)/1. Suppose 2*q = -r*q + 10320. What is the units digit of q?
0
Suppose 8*h + 477 = 2589. Let v = -130 + h. What is the tens digit of v?
3
Suppose 12*d + 441 = -255. What is the tens digit of -1 - -3*5/(-30)*d?
2
Suppose n - 4 = 0, -w + 3*w = -2*n + 32. What is the tens digit of 10 + w - -2*3/3?
2
Let j = -561 + 1931. Let i = j - 343. What is the units digit of i?
7
Let y = 51 - 25. Suppose u = 3*q + 13 + y, 0 = -2*q - 10. Let o = -21 + u. What is the units digit of o?
3
Let p(d) = 23*d + 1587. What is the tens digit of p(49)?
1
Suppose -2*v - 2*t + 0*t = -44, 3*v = -t + 68. Let g be ((v - 2) + -3)*1/3. Suppose -4*s - 138 = -g*s - 4*i, 311 = 4*s + i. What is the tens digit of s?
7
What is the units digit of -9245*(36/75)/(-1) + (-206)/(-515)?
8
Let z be -96*(((-22)/3 - -4) + 3). Let t = z + 205. What is the hundreds digit of t?
2
Suppose 0 = -3*n - 0*n + 3, 0 = t + 5*n - 186. Let x = -4 + t. Suppose -3*b = 15, -3*b - 146 - x = -4*w. What is the units digit of w?
7
Suppose 74738 = 3*f - d, -8*f + d = -6*f - 49823. What is the units digit of f?
5
Suppose 3*m + 3*f = 18, 0 = -3*m + m + 3*f + 2. Suppose 0 = -m*x - 222 + 6. Let d = x + 95. What is the tens digit of d?
4
Let f(t) = -t**3 + 16*t**2 + 3*t - 16. Let a be f(16). Suppose 5*i - 6 = 3*d - a, -3*d = i - 20. Let p(n) = 6*n - 2. What is the units digit of p(d)?
0
Let d(l) = -3625*l**3 - 2*l**2 + 9*l + 22. What is the thousands digit of d(-2)?
8
Suppose 5*h + 195 = -4*l, -3*l + h = 6*h + 150. Let u = -41 - l. What is the hundreds digit of 229 + -1 + u + -6?
2
Let y(c) = c**2 - 2. Let p = -7 + 5. Let h be y(p). Suppose -138 = -3*l + h*u, -l = 3*u - 1 - 34. What is the units digit of l?
4
Let a = -872 - -1270. Let c = -307 + a. What is the units digit of c?
1
Let h = 45 + -48. Let x be (h - 0)*-1 - (-20 + 21). Suppose 2*j + 263 = 3*y, 5*y = 2*y - x*j + 247. What is the tens digit of y?
8
Let k be (42/(-126))/(((-2)/36)/1). What is the hundreds digit of ((-152)/6 - 4/k)*-17?
4
Suppose -3*w + 4505 = 5*v, 30*v - 28*v = 4*w + 1828. Let c = 10 - 5. Suppose 2*h + 3*x = -40 + 405, -v = -c*h + x. What is the units digit of h?
1
Let f = -594 + 1986. Suppose 4506 = 6*s + f. What is the hundreds digit of s?
5
Let z(r) be the second derivative of 13*r**6/720 - 4*r**5/15 - 25*r**4/12 + r. Let q(y) be the third derivative of z(y). What is the tens digit of q(8)?
7
Suppose 91 = 7*m - 0*m. Suppose 7*c = 1 + m. Suppose r = -c*r + 252. What is the units digit of r?
4
Let o(s) = 4*s + 41 + 0*s**2 - 40 + 0*s**2 - s**3. Let b be o(-2). What is the units digit of -1 - b - (-186)/2?
1
Suppose 5*m = 2*m + m. Let v(i) = 13*i + 13 + 3*i**2 + 6 + m. What is the hundreds digit of v(-8)?
1
What is the ten thousands digit of ((-51097545)/(-3225))/((-1)/(-5))?
7
Suppose 13*f - 14*f = 40. Suppose -4*k = 42 - 26. What is the units digit of (1 + 26/4)/(k/f)?
5
What is the tens digit of (-15)/(-4) + 693/(-396) + 42450?
5
Let f be (-10)/4*((-90776)/(-35))/(-2). Suppose 8*c = f - 458. What is the hundreds digit of c?
3
Suppose 2*i = r - 18, 5*i - 7 = -4*r - 0*r. Suppose -z + 54 = r*z. What is the hundreds digit of z*4/(-40) + (-1896)/(-10)?
1
Let a(t) = 443*t - 99. Let o be a(7). Suppose 0 = 2*c + 3*g - 1194, 0*g - g - o = -5*c. What is the units digit of c?
0
Let i(h) = 9*h - 16. Suppose 2*w + 15 = -0*n - 5*n, 3 = -n. Let a be i(w). Let j(s) = -3*s + 66. What is the tens digit of j(a)?
1
Let x(b) = -5*b**2 - 4*b - 1. Let i be -4 + 3/(1 + 2). Let k be x(i). Let d = 62 + k. What is the tens digit of d?
2
What is the units digit of (-466)/12349 - 1824158/(-106)?
9
Let w(t) = -2*t + 14. Let n be w(5). Suppose 0*i + 5*i = -n*u + 180, -2*u + 42 = i. Let p = i + 48. What is the units digit of p?
0
Suppose 0 = 3*c - 5*c + 440. Let g = c - 120. What is the units digit of g?
0
Suppose 3*w - w = -d + 5, 15 = 2*d - w. Suppose -3*h = -2*i + d*i - 206, 228 = 4*h - 5*i. What is the units digit of h?
2
Suppose -5*g - 5 = 5*d, -5*d + 36 = 41. Suppose -4*t + 2683 = f, g*t - 4*f - 1328 = -2*t.